{"id":420,"date":"2008-06-02T23:08:17","date_gmt":"2008-06-02T21:08:17","guid":{"rendered":"http:\/\/www.wanarun.net\/blog\/reduction-garmin-forerunner-405\/"},"modified":"2008-06-18T13:06:22","modified_gmt":"2008-06-18T11:06:22","slug":"reduction-garmin-forerunner-405","status":"publish","type":"page","link":"https:\/\/www.wanarun.net\/blog\/reduction-garmin-forerunner-405","title":{"rendered":"5% de r\u00e9duction sur le Garmin Forerunner 405"},"content":{"rendered":"<p><img loading=\"lazy\" src=\"https:\/\/www.wanarun.net\/blog\/wp-content\/uploads\/2008\/05\/garmin-405.jpg\" alt=\"Garmin Forerunner 405 - GPS Cardio\" width=\"200\" height=\"200\" align=\"left\" \/><\/p>\n<p>Le nouveau <strong><a href=\"\/blog\/test\/montre-gps\/garmin\"target=\"_top\" title=\"montre garmin\" >Garmin<\/a> Forerunner 405<\/strong> vient tout juste de sortir, il vous permettra de vous monitorer comme une formule 1.<\/p>\n<p>Un <strong>outil d&rsquo;exception<\/strong> pour les coureurs \u00e0 un prix raisonnable vue la haute technicit\u00e9.<\/p>\n<p><strong>Le meilleur GPS cardiofr\u00e9quencem\u00e8tre du march\u00e9 <\/strong><\/p>\n<p>Et exceptionnellement <a href=\"https:\/\/www.wanarun.net\" target=\"_blank\">Wanarun<\/a> vous offre <strong>5% de r\u00e9duction<\/strong> en donnant le code de promotion <strong>PROMO5<\/strong><\/p>\n<p><a onclick=\"urchinTracker('\/redirect_pub\/lepape_adwords_405');\" href=\"https:\/\/www.wanarun.net\/redirect_pub\/lepape_garmin405hr_adwords\"><strong>seulement 359 Euros -5% soit 341 Euros chez lepape.com<\/strong><\/a><\/p>\n<p>site s\u00e9rieux livr\u00e9 neuf dans une boite neuve version fran\u00e7aise garantie 2 ans pas d&rsquo;import des USA ou de Honk Kong sans garantie comme sur les autres annonces.<\/p>\n","protected":false},"excerpt":{"rendered":"<a href=\"https:\/\/www.wanarun.net\/blog\/reduction-garmin-forerunner-405\"><img width=\"150\" src=\"\" class=\"alignleft wp-post-image tfe\" alt=\"\" title=\"\" \/><\/a><p>Le nouveau Garmin Forerunner 405 vient tout juste de sortir, il vous permettra de vous monitorer comme une formule 1. Un outil d&rsquo;exception pour les coureurs \u00e0 un prix raisonnable vue la haute technicit\u00e9. Le meilleur GPS cardiofr\u00e9quencem\u00e8tre du march\u00e9 Et exceptionnellement Wanarun vous offre 5% de r\u00e9duction en donnant le code de promotion PROMO5 [&hellip;]<\/p>\n","protected":false},"author":1,"featured_media":0,"parent":0,"menu_order":0,"comment_status":"open","ping_status":"open","template":"","meta":[],"yoast_head":"<!-- This site is optimized with the Yoast SEO plugin v18.9 - https:\/\/yoast.com\/wordpress\/plugins\/seo\/ -->\n<title>5% de r\u00e9duction sur le Garmin Forerunner 405<\/title>\n<meta name=\"robots\" content=\"index, follow, max-snippet:-1, max-image-preview:large, max-video-preview:-1\" \/>\n<link rel=\"canonical\" href=\"https:\/\/www.wanarun.net\/blog\/reduction-garmin-forerunner-405\" \/>\n<meta property=\"og:locale\" content=\"fr_FR\" \/>\n<meta property=\"og:type\" content=\"article\" \/>\n<meta property=\"og:title\" content=\"5% de r\u00e9duction sur le Garmin Forerunner 405\" \/>\n<meta property=\"og:description\" content=\"Le nouveau Garmin Forerunner 405 vient tout juste de sortir, il vous permettra de vous monitorer comme une formule 1. Un outil d&rsquo;exception pour les coureurs \u00e0 un prix raisonnable vue la haute technicit\u00e9. Le meilleur GPS cardiofr\u00e9quencem\u00e8tre du march\u00e9 Et exceptionnellement Wanarun vous offre 5% de r\u00e9duction en donnant le code de promotion PROMO5 [&hellip;]\" \/>\n<meta property=\"og:url\" content=\"https:\/\/www.wanarun.net\/blog\/reduction-garmin-forerunner-405\" \/>\n<meta property=\"og:site_name\" content=\"Wanarun, le blog du running, du trail et de la course \u00e0 pied\" \/>\n<meta property=\"article:publisher\" content=\"https:\/\/www.facebook.com\/wanarun\/\" \/>\n<meta property=\"article:modified_time\" content=\"2008-06-18T11:06:22+00:00\" \/>\n<meta property=\"og:image\" content=\"https:\/\/www.wanarun.net\/blog\/wp-content\/uploads\/2008\/05\/garmin-405.jpg\" \/>\n<script type=\"application\/ld+json\" class=\"yoast-schema-graph\">{\"@context\":\"https:\/\/schema.org\",\"@graph\":[{\"@type\":\"Organization\",\"@id\":\"https:\/\/www.wanarun.net\/blog\/#organization\",\"name\":\"Wanarun\",\"url\":\"https:\/\/www.wanarun.net\/blog\/\",\"sameAs\":[\"https:\/\/www.instagram.com\/wanarunnet\/\",\"https:\/\/www.youtube.com\/user\/wanarunnet\",\"https:\/\/www.facebook.com\/wanarun\/\",\"https:\/\/twitter.com\/wanarun\"],\"logo\":{\"@type\":\"ImageObject\",\"inLanguage\":\"fr-FR\",\"@id\":\"https:\/\/www.wanarun.net\/blog\/#\/schema\/logo\/image\/\",\"url\":\"https:\/\/www.wanarun.net\/blog\/wp-content\/uploads\/2018\/03\/logo-wanarun.jpg\",\"contentUrl\":\"https:\/\/www.wanarun.net\/blog\/wp-content\/uploads\/2018\/03\/logo-wanarun.jpg\",\"width\":1196,\"height\":1082,\"caption\":\"Wanarun\"},\"image\":{\"@id\":\"https:\/\/www.wanarun.net\/blog\/#\/schema\/logo\/image\/\"}},{\"@type\":\"WebSite\",\"@id\":\"https:\/\/www.wanarun.net\/blog\/#website\",\"url\":\"https:\/\/www.wanarun.net\/blog\/\",\"name\":\"Wanarun, le blog du running, du trail et de la course \u00e0 pied\",\"description\":\"Informations, remarques, avis, conseils sur la course \u00e0 pied.\",\"publisher\":{\"@id\":\"https:\/\/www.wanarun.net\/blog\/#organization\"},\"potentialAction\":[{\"@type\":\"SearchAction\",\"target\":{\"@type\":\"EntryPoint\",\"urlTemplate\":\"https:\/\/www.wanarun.net\/blog\/?s={search_term_string}\"},\"query-input\":\"required name=search_term_string\"}],\"inLanguage\":\"fr-FR\"},{\"@type\":\"ImageObject\",\"inLanguage\":\"fr-FR\",\"@id\":\"https:\/\/www.wanarun.net\/blog\/reduction-garmin-forerunner-405#primaryimage\",\"url\":\"https:\/\/www.wanarun.net\/blog\/wp-content\/uploads\/2008\/05\/garmin-405.jpg\",\"contentUrl\":\"https:\/\/www.wanarun.net\/blog\/wp-content\/uploads\/2008\/05\/garmin-405.jpg\"},{\"@type\":\"WebPage\",\"@id\":\"https:\/\/www.wanarun.net\/blog\/reduction-garmin-forerunner-405#webpage\",\"url\":\"https:\/\/www.wanarun.net\/blog\/reduction-garmin-forerunner-405\",\"name\":\"5% de r\u00e9duction sur le Garmin Forerunner 405\",\"isPartOf\":{\"@id\":\"https:\/\/www.wanarun.net\/blog\/#website\"},\"primaryImageOfPage\":{\"@id\":\"https:\/\/www.wanarun.net\/blog\/reduction-garmin-forerunner-405#primaryimage\"},\"datePublished\":\"2008-06-02T21:08:17+00:00\",\"dateModified\":\"2008-06-18T11:06:22+00:00\",\"breadcrumb\":{\"@id\":\"https:\/\/www.wanarun.net\/blog\/reduction-garmin-forerunner-405#breadcrumb\"},\"inLanguage\":\"fr-FR\",\"potentialAction\":[{\"@type\":\"ReadAction\",\"target\":[\"https:\/\/www.wanarun.net\/blog\/reduction-garmin-forerunner-405\"]}]},{\"@type\":\"BreadcrumbList\",\"@id\":\"https:\/\/www.wanarun.net\/blog\/reduction-garmin-forerunner-405#breadcrumb\",\"itemListElement\":[{\"@type\":\"ListItem\",\"position\":1,\"name\":\"5% de r\u00e9duction sur le Garmin Forerunner 405\"}]}]}<\/script>\n<!-- \/ Yoast SEO plugin. -->","yoast_head_json":{"title":"5% de r\u00e9duction sur le Garmin Forerunner 405","robots":{"index":"index","follow":"follow","max-snippet":"max-snippet:-1","max-image-preview":"max-image-preview:large","max-video-preview":"max-video-preview:-1"},"canonical":"https:\/\/www.wanarun.net\/blog\/reduction-garmin-forerunner-405","og_locale":"fr_FR","og_type":"article","og_title":"5% de r\u00e9duction sur le Garmin Forerunner 405","og_description":"Le nouveau Garmin Forerunner 405 vient tout juste de sortir, il vous permettra de vous monitorer comme une formule 1. Un outil d&rsquo;exception pour les coureurs \u00e0 un prix raisonnable vue la haute technicit\u00e9. Le meilleur GPS cardiofr\u00e9quencem\u00e8tre du march\u00e9 Et exceptionnellement Wanarun vous offre 5% de r\u00e9duction en donnant le code de promotion PROMO5 [&hellip;]","og_url":"https:\/\/www.wanarun.net\/blog\/reduction-garmin-forerunner-405","og_site_name":"Wanarun, le blog du running, du trail et de la course \u00e0 pied","article_publisher":"https:\/\/www.facebook.com\/wanarun\/","article_modified_time":"2008-06-18T11:06:22+00:00","og_image":[{"url":"https:\/\/www.wanarun.net\/blog\/wp-content\/uploads\/2008\/05\/garmin-405.jpg"}],"schema":{"@context":"https:\/\/schema.org","@graph":[{"@type":"Organization","@id":"https:\/\/www.wanarun.net\/blog\/#organization","name":"Wanarun","url":"https:\/\/www.wanarun.net\/blog\/","sameAs":["https:\/\/www.instagram.com\/wanarunnet\/","https:\/\/www.youtube.com\/user\/wanarunnet","https:\/\/www.facebook.com\/wanarun\/","https:\/\/twitter.com\/wanarun"],"logo":{"@type":"ImageObject","inLanguage":"fr-FR","@id":"https:\/\/www.wanarun.net\/blog\/#\/schema\/logo\/image\/","url":"https:\/\/www.wanarun.net\/blog\/wp-content\/uploads\/2018\/03\/logo-wanarun.jpg","contentUrl":"https:\/\/www.wanarun.net\/blog\/wp-content\/uploads\/2018\/03\/logo-wanarun.jpg","width":1196,"height":1082,"caption":"Wanarun"},"image":{"@id":"https:\/\/www.wanarun.net\/blog\/#\/schema\/logo\/image\/"}},{"@type":"WebSite","@id":"https:\/\/www.wanarun.net\/blog\/#website","url":"https:\/\/www.wanarun.net\/blog\/","name":"Wanarun, le blog du running, du trail et de la course \u00e0 pied","description":"Informations, remarques, avis, conseils sur la course \u00e0 pied.","publisher":{"@id":"https:\/\/www.wanarun.net\/blog\/#organization"},"potentialAction":[{"@type":"SearchAction","target":{"@type":"EntryPoint","urlTemplate":"https:\/\/www.wanarun.net\/blog\/?s={search_term_string}"},"query-input":"required name=search_term_string"}],"inLanguage":"fr-FR"},{"@type":"ImageObject","inLanguage":"fr-FR","@id":"https:\/\/www.wanarun.net\/blog\/reduction-garmin-forerunner-405#primaryimage","url":"https:\/\/www.wanarun.net\/blog\/wp-content\/uploads\/2008\/05\/garmin-405.jpg","contentUrl":"https:\/\/www.wanarun.net\/blog\/wp-content\/uploads\/2008\/05\/garmin-405.jpg"},{"@type":"WebPage","@id":"https:\/\/www.wanarun.net\/blog\/reduction-garmin-forerunner-405#webpage","url":"https:\/\/www.wanarun.net\/blog\/reduction-garmin-forerunner-405","name":"5% de r\u00e9duction sur le Garmin Forerunner 405","isPartOf":{"@id":"https:\/\/www.wanarun.net\/blog\/#website"},"primaryImageOfPage":{"@id":"https:\/\/www.wanarun.net\/blog\/reduction-garmin-forerunner-405#primaryimage"},"datePublished":"2008-06-02T21:08:17+00:00","dateModified":"2008-06-18T11:06:22+00:00","breadcrumb":{"@id":"https:\/\/www.wanarun.net\/blog\/reduction-garmin-forerunner-405#breadcrumb"},"inLanguage":"fr-FR","potentialAction":[{"@type":"ReadAction","target":["https:\/\/www.wanarun.net\/blog\/reduction-garmin-forerunner-405"]}]},{"@type":"BreadcrumbList","@id":"https:\/\/www.wanarun.net\/blog\/reduction-garmin-forerunner-405#breadcrumb","itemListElement":[{"@type":"ListItem","position":1,"name":"5% de r\u00e9duction sur le Garmin Forerunner 405"}]}]}},"_links":{"self":[{"href":"https:\/\/www.wanarun.net\/blog\/wp-json\/wp\/v2\/pages\/420"}],"collection":[{"href":"https:\/\/www.wanarun.net\/blog\/wp-json\/wp\/v2\/pages"}],"about":[{"href":"https:\/\/www.wanarun.net\/blog\/wp-json\/wp\/v2\/types\/page"}],"author":[{"embeddable":true,"href":"https:\/\/www.wanarun.net\/blog\/wp-json\/wp\/v2\/users\/1"}],"replies":[{"embeddable":true,"href":"https:\/\/www.wanarun.net\/blog\/wp-json\/wp\/v2\/comments?post=420"}],"version-history":[{"count":0,"href":"https:\/\/www.wanarun.net\/blog\/wp-json\/wp\/v2\/pages\/420\/revisions"}],"wp:attachment":[{"href":"https:\/\/www.wanarun.net\/blog\/wp-json\/wp\/v2\/media?parent=420"}],"curies":[{"name":"wp","href":"https:\/\/api.w.org\/{rel}","templated":true}]}}