{"id":1379,"date":"2009-03-07T10:15:09","date_gmt":"2009-03-07T09:15:09","guid":{"rendered":"http:\/\/www.wanarun.net\/blog\/?page_id=1379"},"modified":"2009-03-07T10:15:09","modified_gmt":"2009-03-07T09:15:09","slug":"www","status":"publish","type":"page","link":"https:\/\/www.wanarun.net\/blog\/www","title":{"rendered":"WWW"},"content":{"rendered":"<p><strong>WWW<\/strong> est un acronyme pour <span class=\"lang-en\" lang=\"en\" xml:lang=\"en\"><strong>World Wide Web.<\/strong><\/span><\/p>\n<p><span class=\"lang-en\" lang=\"en\" xml:lang=\"en\"><strong>WWW <\/strong>est souvent utilis\u00e9 pour nommer les serveurs Web sur Internet.<\/span><br \/>\nPourquoi cette page ?<\/p>\n<p>Je ne comprenais pas pourquoi on arrivait syst\u00e9matiquement sur le m\u00eame site en faisant lorsque je tapais trop dans la barre d&rsquo;adresse de mon navigateur.<\/p>\n<p>En fait, le navigateur envoyait la requete <strong>WWW<\/strong> a google et google me renvoyait sur ce site avec la requete \u00ab\u00a0J&rsquo;ai de la chance\u00a0\u00bb.<\/p>\n<p>Cette page est donc uniquement une exp\u00e9rience pour essayer d&rsquo;\u00eatre \u00e0 la place de ce site et voir ainsi le nombre de personnes qui font la m\u00eame erreur que moi<\/p>\n<p>Si vous arrivez, ici c&rsquo;est que j&rsquo;ai r\u00e9ussi mon exp\u00e9rience alors envoyez un petit message via le formulaire de contact.<\/p>\n<p>Bon surf.<\/p>\n<p>Manu<\/p>\n","protected":false},"excerpt":{"rendered":"<a href=\"https:\/\/www.wanarun.net\/blog\/www\"><img width=\"150\" src=\"\" class=\"alignleft wp-post-image tfe\" alt=\"\" title=\"\" \/><\/a><p>WWW est un acronyme pour World Wide Web. WWW est souvent utilis\u00e9 pour nommer les serveurs Web sur Internet. Pourquoi cette page ? Je ne comprenais pas pourquoi on arrivait syst\u00e9matiquement sur le m\u00eame site en faisant lorsque je tapais trop dans la barre d&rsquo;adresse de mon navigateur. En fait, le navigateur envoyait la requete [&hellip;]<\/p>\n","protected":false},"author":1,"featured_media":0,"parent":0,"menu_order":0,"comment_status":"open","ping_status":"open","template":"","meta":[],"yoast_head":"<!-- This site is optimized with the Yoast SEO plugin v18.9 - https:\/\/yoast.com\/wordpress\/plugins\/seo\/ -->\n<title>WWW<\/title>\n<meta name=\"robots\" content=\"index, follow, max-snippet:-1, max-image-preview:large, max-video-preview:-1\" \/>\n<link rel=\"canonical\" href=\"https:\/\/www.wanarun.net\/blog\/www\" \/>\n<meta property=\"og:locale\" content=\"fr_FR\" \/>\n<meta property=\"og:type\" content=\"article\" \/>\n<meta property=\"og:title\" content=\"WWW\" \/>\n<meta property=\"og:description\" content=\"WWW est un acronyme pour World Wide Web. WWW est souvent utilis\u00e9 pour nommer les serveurs Web sur Internet. Pourquoi cette page ? Je ne comprenais pas pourquoi on arrivait syst\u00e9matiquement sur le m\u00eame site en faisant lorsque je tapais trop dans la barre d&rsquo;adresse de mon navigateur. En fait, le navigateur envoyait la requete [&hellip;]\" \/>\n<meta property=\"og:url\" content=\"https:\/\/www.wanarun.net\/blog\/www\" \/>\n<meta property=\"og:site_name\" content=\"Wanarun, le blog du running, du trail et de la course \u00e0 pied\" \/>\n<meta property=\"article:publisher\" content=\"https:\/\/www.facebook.com\/wanarun\/\" \/>\n<meta name=\"twitter:label1\" content=\"Dur\u00e9e de lecture estim\u00e9e\" \/>\n\t<meta name=\"twitter:data1\" content=\"1 minute\" \/>\n<script type=\"application\/ld+json\" class=\"yoast-schema-graph\">{\"@context\":\"https:\/\/schema.org\",\"@graph\":[{\"@type\":\"Organization\",\"@id\":\"https:\/\/www.wanarun.net\/blog\/#organization\",\"name\":\"Wanarun\",\"url\":\"https:\/\/www.wanarun.net\/blog\/\",\"sameAs\":[\"https:\/\/www.instagram.com\/wanarunnet\/\",\"https:\/\/www.youtube.com\/user\/wanarunnet\",\"https:\/\/www.facebook.com\/wanarun\/\",\"https:\/\/twitter.com\/wanarun\"],\"logo\":{\"@type\":\"ImageObject\",\"inLanguage\":\"fr-FR\",\"@id\":\"https:\/\/www.wanarun.net\/blog\/#\/schema\/logo\/image\/\",\"url\":\"https:\/\/www.wanarun.net\/blog\/wp-content\/uploads\/2018\/03\/logo-wanarun.jpg\",\"contentUrl\":\"https:\/\/www.wanarun.net\/blog\/wp-content\/uploads\/2018\/03\/logo-wanarun.jpg\",\"width\":1196,\"height\":1082,\"caption\":\"Wanarun\"},\"image\":{\"@id\":\"https:\/\/www.wanarun.net\/blog\/#\/schema\/logo\/image\/\"}},{\"@type\":\"WebSite\",\"@id\":\"https:\/\/www.wanarun.net\/blog\/#website\",\"url\":\"https:\/\/www.wanarun.net\/blog\/\",\"name\":\"Wanarun, le blog du running, du trail et de la course \u00e0 pied\",\"description\":\"Informations, remarques, avis, conseils sur la course \u00e0 pied.\",\"publisher\":{\"@id\":\"https:\/\/www.wanarun.net\/blog\/#organization\"},\"potentialAction\":[{\"@type\":\"SearchAction\",\"target\":{\"@type\":\"EntryPoint\",\"urlTemplate\":\"https:\/\/www.wanarun.net\/blog\/?s={search_term_string}\"},\"query-input\":\"required name=search_term_string\"}],\"inLanguage\":\"fr-FR\"},{\"@type\":\"WebPage\",\"@id\":\"https:\/\/www.wanarun.net\/blog\/www#webpage\",\"url\":\"https:\/\/www.wanarun.net\/blog\/www\",\"name\":\"WWW\",\"isPartOf\":{\"@id\":\"https:\/\/www.wanarun.net\/blog\/#website\"},\"datePublished\":\"2009-03-07T09:15:09+00:00\",\"dateModified\":\"2009-03-07T09:15:09+00:00\",\"breadcrumb\":{\"@id\":\"https:\/\/www.wanarun.net\/blog\/www#breadcrumb\"},\"inLanguage\":\"fr-FR\",\"potentialAction\":[{\"@type\":\"ReadAction\",\"target\":[\"https:\/\/www.wanarun.net\/blog\/www\"]}]},{\"@type\":\"BreadcrumbList\",\"@id\":\"https:\/\/www.wanarun.net\/blog\/www#breadcrumb\",\"itemListElement\":[{\"@type\":\"ListItem\",\"position\":1,\"name\":\"WWW\"}]}]}<\/script>\n<!-- \/ Yoast SEO plugin. -->","yoast_head_json":{"title":"WWW","robots":{"index":"index","follow":"follow","max-snippet":"max-snippet:-1","max-image-preview":"max-image-preview:large","max-video-preview":"max-video-preview:-1"},"canonical":"https:\/\/www.wanarun.net\/blog\/www","og_locale":"fr_FR","og_type":"article","og_title":"WWW","og_description":"WWW est un acronyme pour World Wide Web. WWW est souvent utilis\u00e9 pour nommer les serveurs Web sur Internet. Pourquoi cette page ? Je ne comprenais pas pourquoi on arrivait syst\u00e9matiquement sur le m\u00eame site en faisant lorsque je tapais trop dans la barre d&rsquo;adresse de mon navigateur. En fait, le navigateur envoyait la requete [&hellip;]","og_url":"https:\/\/www.wanarun.net\/blog\/www","og_site_name":"Wanarun, le blog du running, du trail et de la course \u00e0 pied","article_publisher":"https:\/\/www.facebook.com\/wanarun\/","twitter_misc":{"Dur\u00e9e de lecture estim\u00e9e":"1 minute"},"schema":{"@context":"https:\/\/schema.org","@graph":[{"@type":"Organization","@id":"https:\/\/www.wanarun.net\/blog\/#organization","name":"Wanarun","url":"https:\/\/www.wanarun.net\/blog\/","sameAs":["https:\/\/www.instagram.com\/wanarunnet\/","https:\/\/www.youtube.com\/user\/wanarunnet","https:\/\/www.facebook.com\/wanarun\/","https:\/\/twitter.com\/wanarun"],"logo":{"@type":"ImageObject","inLanguage":"fr-FR","@id":"https:\/\/www.wanarun.net\/blog\/#\/schema\/logo\/image\/","url":"https:\/\/www.wanarun.net\/blog\/wp-content\/uploads\/2018\/03\/logo-wanarun.jpg","contentUrl":"https:\/\/www.wanarun.net\/blog\/wp-content\/uploads\/2018\/03\/logo-wanarun.jpg","width":1196,"height":1082,"caption":"Wanarun"},"image":{"@id":"https:\/\/www.wanarun.net\/blog\/#\/schema\/logo\/image\/"}},{"@type":"WebSite","@id":"https:\/\/www.wanarun.net\/blog\/#website","url":"https:\/\/www.wanarun.net\/blog\/","name":"Wanarun, le blog du running, du trail et de la course \u00e0 pied","description":"Informations, remarques, avis, conseils sur la course \u00e0 pied.","publisher":{"@id":"https:\/\/www.wanarun.net\/blog\/#organization"},"potentialAction":[{"@type":"SearchAction","target":{"@type":"EntryPoint","urlTemplate":"https:\/\/www.wanarun.net\/blog\/?s={search_term_string}"},"query-input":"required name=search_term_string"}],"inLanguage":"fr-FR"},{"@type":"WebPage","@id":"https:\/\/www.wanarun.net\/blog\/www#webpage","url":"https:\/\/www.wanarun.net\/blog\/www","name":"WWW","isPartOf":{"@id":"https:\/\/www.wanarun.net\/blog\/#website"},"datePublished":"2009-03-07T09:15:09+00:00","dateModified":"2009-03-07T09:15:09+00:00","breadcrumb":{"@id":"https:\/\/www.wanarun.net\/blog\/www#breadcrumb"},"inLanguage":"fr-FR","potentialAction":[{"@type":"ReadAction","target":["https:\/\/www.wanarun.net\/blog\/www"]}]},{"@type":"BreadcrumbList","@id":"https:\/\/www.wanarun.net\/blog\/www#breadcrumb","itemListElement":[{"@type":"ListItem","position":1,"name":"WWW"}]}]}},"_links":{"self":[{"href":"https:\/\/www.wanarun.net\/blog\/wp-json\/wp\/v2\/pages\/1379"}],"collection":[{"href":"https:\/\/www.wanarun.net\/blog\/wp-json\/wp\/v2\/pages"}],"about":[{"href":"https:\/\/www.wanarun.net\/blog\/wp-json\/wp\/v2\/types\/page"}],"author":[{"embeddable":true,"href":"https:\/\/www.wanarun.net\/blog\/wp-json\/wp\/v2\/users\/1"}],"replies":[{"embeddable":true,"href":"https:\/\/www.wanarun.net\/blog\/wp-json\/wp\/v2\/comments?post=1379"}],"version-history":[{"count":1,"href":"https:\/\/www.wanarun.net\/blog\/wp-json\/wp\/v2\/pages\/1379\/revisions"}],"predecessor-version":[{"id":1380,"href":"https:\/\/www.wanarun.net\/blog\/wp-json\/wp\/v2\/pages\/1379\/revisions\/1380"}],"wp:attachment":[{"href":"https:\/\/www.wanarun.net\/blog\/wp-json\/wp\/v2\/media?parent=1379"}],"curies":[{"name":"wp","href":"https:\/\/api.w.org\/{rel}","templated":true}]}}